 = 4*h - 7. Let f(x) = -2*x**3 + 9*x**2 - 10*x. Let u(j) = 5*j**3 - 19*j**2 + 21*j + 1. Let d(i) = 7*f(i) + 3*u(i). Give d(b).
3
Let v(p) = p**2 + 23*p - 101. Let w be v(4). Let q(m) be the second derivative of m**4/6 - 3*m**3/2 - 2*m**2 + m. What is q(w)?
31
Let d(p) = -p**2 + 0*p**2 - 7*p**3 - p + 2*p**2 + 1 - 7*p**3. Let v be (-2)/((-20)/(-5) - 0)*-2. Give d(v).
-13
Suppose 1 = 4*u + 13. Let s(m) = -7*m + 10. Let w(v) = 5*v - 8. Let d(z) = u*w(z) - 2*s(z). What is d(-5)?
9
Suppose 4*b - b - 12 = 0. Suppose 0 = -b*y + y. Let p(x) = 0*x**2 - 1082*x + 2168*x + 2*x**2 - 1086*x - 27 - x**2. Give p(y).
-27
Let z = 245 + -243. Let l be (1/z)/(2/(-12)). Let f(d) = d**3 + 3*d**2 - 3*d. Determine f(l).
9
Let k(t) be the first derivative of -11*t**2/2 - 64*t + 2695. What is k(-5)?
-9
Let l(k) = -6 + 2 + 7*k**2 - 3 - k**3 - 2*k. Let x(z) = -579*z + 585. Let h be x(1). Calculate l(h).
17
Suppose -6*c + 8*c - 4*m - 52 = 0, 4*c + 4*m = 140. Let h(x) = 4*x + 12 - x**2 - c + 4 + 11. Suppose 2*u + r - 2*r - 3 = 0, -u - 2*r = -14. What is h(u)?
-5
Let f(d) = 5*d**2 + 4*d - 4. Let m = 6 + -3. Let c(g) = -7*g**2 - 5*g + 5. Let o(v) = -71*v - 67. Let u be o(-1). Let s(i) = m*c(i) + u*f(i). Calculate s(-2).
-7
Let c(m) = m**2 + 8*m + 16. Suppose -k = 5*v + 26, 3*v + 8 = -2*k - 2. Let x be c(v). Let u(r) = x*r - r**3 - 3*r**2 - 6*r + r + 2 - 2*r**2. What is u(-4)?
-10
Let d(q) = -3*q**3 - 23*q**2 + 32*q - 48. Let i(k) = k**3 + 11*k**2 - 15*k + 24. Let c(a) = 2*d(a) + 5*i(a). Calculate c(8).
0
Let z(s) = -s**3 + s**2 - 2*s - 2. Let q be z(0). Let i = 7 + q. Let n(r) = -1 - 2 - 1 - i*r. Calculate n(-5).
21
Let a(b) be the third derivative of -1/60*b**5 + b**2 + 0*b - 1/8*b**4 - 1/3*b**3 + 0. Let m = -28219 - -28215. Give a(m).
-6
Let a(g) be the first derivative of -g**4/4 - 16*g**3/3 - 6*g + 137610. Suppose -3*c = -4*q - 55, -q + 2*q + 5*c = -31. What is a(q)?
-6
Let t(o) = -11*o + 69. Suppose -268*s + m = -265*s - 21, 5*s = 5*m + 25. Give t(s).
-19
Let w(v) = 1300*v**2 + 1289*v**2 + 6*v**3 - 2590*v**2. Calculate w(1).
5
Let g(n) = -2*n**3 + 102*n**2 - 99*n - 60. Let r be g(50). Let h(u) = -1 + 4*u - 2*u - 3. What is h(r)?
-24
Let p = -123 + 70. Let h = p - -55. Let f(r) = 3*r**h - 3*r + 4 + r - 5. Give f(-1).
4
Let x(b) = 8*b**2 - b + 10. Let w(t) = 35*t**2 - 5*t + 41. Let u(p) = -3*w(p) + 13*x(p). Let f(z) = z - 4. Let n be f(8). Calculate u(n).
-1
Let n be -4 - 1 - (-9 - -3)/(69/115). Let b(u) = -u**3 + 8*u**2 - 18*u + 8. Give b(n).
-7
Let s(d) = -2*d**2 - 173*d - 1161. Let j be s(-79). Let y(a) = 17*a - 405. Calculate y(j).
3
Let q be -15 + (20 - 11 - 6). Let f(v) = -v**3 - 11*v**2 + 10*v - 3. Calculate f(q).
21
Let x(z) be the first derivative of z**4/2 - 10*z**3/3 + z**2 - 9*z + 30. Suppose -17 = -3*i - 2. Let h be x(i). Let b(d) = -10*d - 1. Determine b(h).
-11
Suppose 2*s = 3*i + 16, -11 = i + i - s. Let g be (-28)/6*30/(-4). Let t(b) = g*b + 36*b - 69*b. Calculate t(i).
-12
Let f = -345 + 330. Let d(u) = -9*u + 92. Let s(p) = 4*p - 45. Let r(a) = -6*d(a) - 13*s(a). Calculate r(f).
3
Suppose -135*r + 130*r + 3*m - 45 = 0, m + 18 = -2*r. Let l(n) = -n**2 - 7*n + 20. Calculate l(r).
2
Let j(y) = 23*y - 222. Let z(g) = -20*g + 213. Let p(n) = -9*j(n) - 10*z(n). What is p(-18)?
-6
Let f(i) be the second derivative of 89*i - 1/2*i**2 - 1/3*i**3 - 2 + 1/12*i**4. Determine f(-1).
2
Let t(g) = -2*g + 31. Let u(f) = -4*f + 71. Let p(d) = 7*t(d) - 4*u(d). Calculate p(0).
-67
Suppose 4*y + 68 = -4*v, 9 + 7 = -4*y. Suppose -4*m + 5*q = 73, -4*m - 48 = q + 19. Let o = m - v. Let n(r) = -r - 6. Calculate n(o).
-2
Let v(h) = -392*h + 197*h + 203*h. Let t(n) = n + 1. Let u(p) = -8*p - 5. Let x(j) = 5*t(j) + u(j). Let k(r) = 4*v(r) + 11*x(r). What is k(6)?
-6
Let y be (-620)/(-150) - 11 - (-2)/(-15). Let x(o) = -9*o**2 - 25*o - 18. Let h(q) = -4*q**2 - 12*q - 9. Let r(z) = -7*h(z) + 3*x(z). Calculate r(y).
-5
Let a = 12779 + -12770. Let i(v) = -2*v - 21. What is i(a)?
-39
Let x be (-12)/8*5/((-75)/(-220)). Let n(j) = -2*j**2 - 45*j - 27. Give n(x).
-5
Let j be 4 - (-19 + (-6 - -20)). Let k(h) = 2*h - 23. What is k(j)?
-5
Let y(a) = -12 + 27 + a + a**2 - 5*a - 14. Let q(u) = u**2 - 3*u. Let n(d) = 3*q(d) - 2*y(d). What is n(4)?
10
Let r = 3421 + -3431. Let c(t) = t**3 + 11*t**2 + 7*t + 7. Calculate c(r).
37
Let t(x) = -5*x**2 + 34*x + 10. Let q be t(7). Suppose -q*k - 35 = -29. Let f(z) = z - z**3 - 3*z**3 + 6*z**3 + 2*z**2. Determine f(k).
-10
Let p(a) = -14*a + 113. Let w(k) = -28*k + 241. Let f(x) = -5*p(x) + 2*w(x). What is f(6)?
1
Let s(k) = -9*k**3 + 2*k + 1. Let b(g) = -27*g + 340. Let o be b(13). Let f be o - (-3 + -3) - -4. Give s(f).
8
Let z(j) = -5*j**3 + 12*j**2 - 2*j - 1. Let u(o) = -17*o**3 + 40*o**2 - 6*o - 4. Let w(v) = -2*u(v) + 7*z(v). Give w(4).
-7
Let t(k) be the second derivative of -k**4/6 + k**3 + 7*k**2 - 2*k - 5. What is t(5)?
-6
Let u(j) be the third derivative of -1/24*j**4 - 2*j**2 + 0*j + 1/30*j**5 + 11 - 2/3*j**3. Calculate u(3).
11
Let f = -10652 - -10646. Let w(i) = -16*i - 18. Calculate w(f).
78
Let d(c) = 5 + 5*c**3 - 451*c - 4*c**2 + 892*c - 442*c. Let r(y) = 2*y**3 + y**2 + y. Let u(o) = d(o) - 3*r(o). Suppose 4*l = 8, -2*j = 2*j + l + 22. Give u(j).
-7
Let u(h) = -3 + h**2 - 3 + 2 + h - 7. Suppose -41*g + 5*k - 20 = -42*g, -2*g + k = 4. Calculate u(g).
-11
Let k be 0 - (14*(-1)/2 + 2). Suppose 2*x + k - 1 = -s, 0 = 2*x + 5*s - 4. Let r be (x/(-9) - (-3)/(-9))/(-1). Let b(v) = v**3 + v + 21. Determine b(r).
21
Let t = -40 - -42. Suppose t*x + 4 = 2*i, -x - 5*i - 17 = 9. Let h(v) = -v**2 - 6*v - 8. What is h(x)?
-8
Suppose 0 = 63*t - 57*t. Let q(k) = -3*k - k**2 + 2*k + 3*k**3 - 4*k**3 + 9. Calculate q(t).
9
Let f(i) = -i**2 - 60*i + 324. Let w be f(-65). Let t(p) = -6*p + 12. Calculate t(w).
18
Let y(k) be the third derivative of k**6/120 + 3*k**5/20 + 13*k**4/24 + k**3/3 + 10*k**2 - 14*k. What is y(-6)?
32
Suppose -24 = -2*z - 166*i + 171*i, 5*z - 4*i = 26. Let p(d) = 24*d - 17. What is p(z)?
31
Let r(u) = 50 + 84 - 13*u**2 + 20*u**2 - 127. Determine r(-3).
70
Let c(l) = 13*l + 73. Let r = -1461 - -1455. Calculate c(r).
-5
Let n(v) = -v**3 + 3*v**2 - v - 1. Let j be n(3). Suppose 0 = -2*k - 4, 3*a + 5*k + 3 = 38. Let p(f) = -3*f + 3 - f**2 + 15*f**2 - a*f**2 + 2. What is p(j)?
1
Suppose 21*a + 174 = -8*a. Let t(v) = -v**3 - 7*v**2 - 5*v + 13. What is t(a)?
7
Let v(p) = -p**2 + 8*p - 7. Suppose 5*z + 2*i = -3 + 15, 0 = 2*z - 4*i. Let b be (-16)/(-3) + z/3. Suppose -b*s + 16 = -14. What is v(s)?
8
Let r(b) be the first derivative of b**4/4 - 7*b**3 - 21*b**2/2 + 32*b + 1373. Determine r(22).
54
Let o(g) = -g**2 + 15*g + 22. Suppose 48*a - 51*a - 4*i + 71 = 0, -4*a = -5*i - 43. Give o(a).
-12
Let z(n) = -5*n**2 - n + 13. Let l(w) = 6*w**2 + 2*w - 14. Let y(v) = 2*l(v) + 3*z(v). Let h(k) be the first derivative of y(k). Determine h(2).
-11
Let f(d) = -3*d. Let h = 187 - 186. Let p be h - 0 - (-18)/18 - 1. Determine f(p).
-3
Let d(v) = -16*v**2 - 30*v - 6. Let x(g) = 12*g**2 + 30*g + 2. Let p(j) = -4*d(j) - 5*x(j). Determine p(8).
30
Let x be 4/(-14)*(12 - 21 - -23). Let h(k) = -6*k**2 - 25*k - 12. Calculate h(x).
-8
Let t(u) = u**3 - 4*u**2 + u + 3. Let j(p) = 32*p**2 + 5*p - 15. Let w be j(2). Suppose 0 = -3*a + w - 114. Determine t(a).
-3
Let i(l) = l**3 - 12*l**2 + 11*l - 9. Suppose 35*k - 2160 = 40*k. Let r be 801/k*-6 - (-3)/(-24). What is i(r)?
-9
Let r(t) = -t**2 + 50*t + 15. Let f be r(50). Suppose 12*h - f + 75 = 0. Let s(g) = -g - 3. Determine s(h).
2
Let m(n) be the second derivative of 29*n**3/2 - 353*n**2/2 - n - 5179. Determine m(4).
-5
Let b = -300 + 210. Let w = 81 + b. Let i(u) = 7*u + 18. Let m(d) = 11*d + 27. Let t(j) = -8*i(j) + 5*m(j). Calculate t(w).
0
Let u(t) = 8*t**2 - 63*t - 2. Let x(g) = -4*g**2 + 36*g + 1. Let v(k) = -3*u(k) - 5*x(k). Calculate v(3).
-8
Let c(s) = -26*s**2 + 18*s - 19. Let n(j) = -15*j**2 + 9*j - 10. Let t be (-8 + 3 + -2)/(-1). Let l(z) = t*n(z) - 4*c(z). Give l(-5).
26
Let a be (-22)/(-4) - (-2)/4. Let g(h) = 13*h + 2 + 9*h - 35*h - 10*h + 5 + 18*h. Give g(a).
-23
Let z(r) = -9*r + 3. Let h(l) = 8*l - 3. Let m(i) = -5*h(i) - 4*z(i). Let x be ((-2)/4)/(5/(-70)). Suppose 0 = -t + 5, 4*c + x*t - 2*t = 37. What is m(c)?
-9
Let m(c) = 8*c - 15*c - 1 + 8*c. Suppose -44 = -5*s + a, -49 = -4*s + 4*a